 - r + 79. Is z a prime number?
False
Suppose 9*f + 2638 = 11*f. Is f composite?
False
Let q(j) = j**3 + 12*j**2 + 11*j - 1. Let u be q(-8). Let y = u - -10. Suppose -2*h + 19 = 2*n - 55, 5*n - y = -h. Is n composite?
True
Let q be (-404)/(-2)*(-2)/(-4). Suppose v = 4*z + 67, -3*z = -4*v + q + 102. Is v a composite number?
False
Let t(s) = 231*s**2 + 3*s. Let y be t(-2). Let m = -623 + y. Is m composite?
True
Suppose 5*d = 3*d + 6086. Is d prime?
False
Suppose 0 = 3*l + 4*d - 245, 2*l - d - 36 = 131. Is l a composite number?
False
Suppose 4*o + 30 = 2*j, -3*o - 2*o + 34 = 4*j. Suppose d + 92 = 3*d + 2*g, 0 = -g + 4. Let x = d + j. Is x prime?
True
Let d(t) = -t + 0*t - 4*t - 3 - 2*t**2. Let m be d(-3). Is 47 - -1 - m/6 a prime number?
False
Let n(d) = -9*d**3 - 5*d**2 - d + 1. Let a(q) = q**3 + q**2 + q. Let u(v) = 3*a(v) + n(v). Let l be 1/(-2 + (-6)/(-4)). Is u(l) prime?
True
Let j(x) = -x**3 + 3*x**2 - 4*x + 2. Let i be j(7). Is 1/(2/(i/(-3))) prime?
True
Suppose -19*l = -14*l - 4355. Is l a composite number?
True
Let s(x) be the third derivative of 0*x + 11/6*x**4 - 1/6*x**3 + 0 - 3*x**2. Is s(1) a prime number?
True
Let h be (1818/12)/(1/2). Suppose 2*u + 287 = f, -271 - h = -2*f - u. Is f a composite number?
True
Suppose -30 = -4*r - 2*u, 2*r + 0*u = -3*u + 21. Suppose -r*w + 157 = -5*w. Is w a prime number?
True
Suppose 0 = q - 214 + 87. Is q prime?
True
Let h be 8/3 + 2/(-3). Suppose 5*j = -h*u + 215, 4*j = -2*u - 2 + 172. Suppose 5*t - 5 = j. Is t a prime number?
False
Let y be (-1132)/(-12) - (-4)/6. Suppose 4*v + y = 539. Is v composite?
True
Let p be (-4 - -8)/((-2)/(-2)). Suppose -p*l = -428 - 80. Is l prime?
True
Suppose l - d + 0 - 12 = 0, -2*d = 4*l - 42. Suppose l = -c + 36. Is c composite?
True
Let z(a) = 188*a**2 - 1. Is z(-1) composite?
True
Suppose -5*h = 2*f - 110, 4*f = 7*h - 3*h - 116. Let i = 8 + -5. Suppose -h = -i*m + 33. Is m prime?
True
Suppose 14 - 4 = -5*m, -z + 13 = -3*m. Let k(c) = -2*c**2 - 2 + 3*c**2 - z*c + 7. Is k(-9) composite?
False
Suppose 631 = 4*c + 143. Let s = 333 - c. Is s a prime number?
True
Suppose 0 = -5*z - 171 - 24. Let p = -22 - z. Suppose -38 = -5*f + p. Is f a composite number?
False
Let w = -16 + 20. Is 3 + 1 - -37 - w a prime number?
True
Suppose -423 = 2*b - 1253. Suppose 55 + b = 2*a. Is a a composite number?
True
Let i(j) = -j + 7. Let t be i(8). Let u be t*2/(-4)*0. Is (-55 + (0 - u))*-1 a prime number?
False
Suppose -2*p + 87 = -61. Let h = p - -17. Is h prime?
False
Suppose 8*w - 4*w = 2*r - 18, 4*r = -5*w - 29. Let k be 0/(-1) - w*1. Suppose k*o = -4*v + 7, 0 = -5*v - 4*o + 13 - 2. Is v a composite number?
False
Suppose -x + 2*a + 7 = 15, 4*x + 4*a + 20 = 0. Let b(g) = g + 6. Let d be b(x). Is 143 - d/(6/3) prime?
False
Let d(j) = -8*j - 7. Is d(-5) a prime number?
False
Suppose 0*l - 2*l = -4. Let r be l/((-1)/(32/(-1))). Suppose 0 = 4*q - 2*u - r, q + 2*q - 2*u - 50 = 0. Is q prime?
False
Let h(z) = -2334*z - 1. Is h(-1) composite?
False
Let p(g) = -3*g**2 - 6*g + 3. Let w be p(6). Let v = w - -398. Is v a prime number?
True
Let u = -13 - -13. Suppose u*a + 1855 = 5*a. Is a prime?
False
Suppose -5*p + 1716 = -1019. Is p prime?
True
Let s(d) = -7*d**3 - 3*d**2 - 10*d - 3. Let v(u) = -20*u**3 - 10*u**2 - 30*u - 10. Let b(z) = 17*s(z) - 6*v(z). Is b(-7) composite?
False
Suppose 493 = -0*w + 5*w - u, 3*w - 307 = -5*u. Suppose -15 = 5*k, j - 2*k = 6*j - w. Is j prime?
False
Suppose -5*s + 204 = -6. Let l be ((-1)/(-2))/(2/(-64)). Let z = l + s. Is z a prime number?
False
Let a = -7 + 7. Suppose g + 3*l + 12 = 208, -3*g + 4*l + 627 = a. Is g composite?
True
Suppose 0*k - 1 = -k, 4*w - 4*k = 228. Is w composite?
True
Is 95 + (2/(-2) - 3) prime?
False
Let l(u) = -4*u**3 + 2*u**2 + u + 4. Suppose 5*m + 2 = -13. Is l(m) a prime number?
True
Let w be (-3 - -5)/(2/3). Suppose 1230 = 3*a + w*a. Is a composite?
True
Suppose 0 = 9*w - 3*w - 1770. Is w a prime number?
False
Let r = 3 + 3. Let d(l) = l - 6. Let t be d(r). Suppose -5*h - 5*j + 107 + 18 = 0, 3*h + 5*j - 83 = t. Is h a composite number?
True
Let u be (-42 + 8)/((-2)/5). Let x = u + 49. Is x a composite number?
True
Let a be (-2 + 12/9)*-6. Suppose 2 = 2*y - a. Is y a prime number?
True
Is ((-429)/15)/((-2)/10) prime?
False
Let d = 2 - 1. Let i(p) be the second derivative of 3*p**5/5 + p**3/6 + 13*p. Is i(d) prime?
True
Is 936/((-16)/(-4)) - -3 composite?
True
Let m(d) = 11*d**2 + 6*d - 25. Is m(6) prime?
False
Suppose -2*s = -2*j + 59 - 1, 4*j = -2*s + 128. Is j composite?
False
Suppose u - 97 - 34 = 0. Is u composite?
False
Suppose 3*r + 3 = 0, -x + 111 = r - 207. Is x prime?
False
Suppose 0*b - 2*b = 2*m - 32, -5*b + 3*m = -96. Let k = -8 + b. Let y = 13 + k. Is y a prime number?
True
Let h(s) = 2*s**2 + s + 573. Is h(0) prime?
False
Let w(s) = 223*s - 1. Let g be w(3). Suppose -2*l = 4*v - g, -l - 4*v + 167 = -175. Suppose 922 = 4*d + l. Is d a composite number?
False
Let v = 1 - 3. Let a be ((-5)/v + -2)*42. Let s = a + 12. Is s a prime number?
False
Let g = -58 - -181. Is g prime?
False
Let g be (7 - 2)*(2 + -1). Suppose 0 = 5*r - 10, 0 = -g*y - 3*r + 402 - 101. Is y a composite number?
False
Let o be 1 - (10 - 1)*-1. Let t be 24/(-15)*o/(-4). Suppose -t*d = -16 - 72. Is d a prime number?
False
Suppose 0 = -a + 92 + 153. Let t = -90 + a. Is t composite?
True
Suppose 13 = 6*s - 5. Suppose -2*t = -0*j + 2*j - 238, s*j + 103 = t. Is t a composite number?
True
Let d(r) = r**3 - 5*r**2 + r + 3. Let i be d(5). Let l be (i*1)/2*2. Let q = 27 - l. Is q a prime number?
True
Let q(y) = y**2 + 4*y - 3. Let x be q(-4). Let m = -5 - x. Is (m + 3 - 0)*15 a composite number?
True
Let z = -7 + 9. Suppose z*c - 17 - 1 = 0. Is c a composite number?
True
Let o(v) = 3*v**3 - 9*v**2 + 3*v + 5. Is o(6) a prime number?
True
Let b = 14 + -10. Suppose -2*m = -2*x - 392, 2*m + 3*x - 387 = b*x. Is m a composite number?
False
Suppose b + b - 2 = 0, r - 270 = -3*b. Is r a prime number?
False
Let k be (-1)/(-4) + (-830)/(-8). Suppose 5*g + 5*a - 24 = 166, k = 3*g + a. Is g a prime number?
False
Let z(i) = i**2 + 10*i - 6. Let c be z(-11). Suppose b + 175 = 2*k, -2*k + 163 = -c*b - 0*b. Suppose h + 0*h = k. Is h composite?
False
Suppose -3*m - 2*o + 133 = -7*o, -m - 4*o + 67 = 0. Is m prime?
False
Suppose 3*d - 3*v - 1557 = 0, 543 = d - 0*v + 5*v. Is d composite?
False
Let a = 2 + -1. Is (18/3*a)/1 a composite number?
True
Let s = 430 + -198. Let j = s - 73. Is j a composite number?
True
Let d = 9 - 13. Let q(k) = -5 - 3 + 5 - 14*k. Is q(d) prime?
True
Let l = -1883 + 2646. Suppose -3*o + 2*a = -l, 2*a + a = 3*o - 768. Is o a prime number?
True
Let g = 90 - 87. Let c(z) = -2*z**3 - 3*z**2 + 2*z - 2. Let x be c(-4). Suppose 5*i - 3*l = i + 85, l + x = g*i. Is i composite?
True
Let n(x) = x**2 + 4*x - 2. Let q = 10 + -5. Is n(q) composite?
False
Let z be 4/(-6)*(-3)/2. Let g be (5 - 5)/(z + 0). Suppose -3*w - y = -24, g*y - y = -4*w + 25. Is w prime?
True
Let z(b) = 2*b**2 + 5*b + 2. Let a be z(-3). Suppose 4*o + 3*h - 39 - 82 = 0, 5*h + a = 0. Is o a composite number?
False
Let r = -1425 + 3272. Is r prime?
True
Let x be ((-27)/18)/(3/(-1994)). Suppose 806 = 4*w - q, -4*w - 4*q + x = w. Is w composite?
True
Let p(n) = -146*n + 7. Is p(-2) a prime number?
False
Suppose -3*z + 8382 = 3*z. Is z a prime number?
False
Suppose 2*x = -0 + 6. Is x a prime number?
True
Suppose 5*y + h = 18, 5 = -2*y + 5*h - 4. Suppose 2*d = -y + 7. Suppose 0 = -5*p + 3*m + 118, 10 = 2*m + d. Is p prime?
False
Let f(c) = c**2 + 1 - 1 + c - 3*c**2 + 12*c**3 - 1. Let j(l) = 2*l - 4. Let x be j(3). Is f(x) a composite number?
False
Suppose m + 627 = 4*p, 787 = 5*p - 0*m + 2*m. Is p prime?
True
Let r = 5 - 2. Suppose 0*m - 3*m + 9 = -r*g, 5*g + 14 = 4*m. Let w(h) = 19*h. Is w(m) a prime number?
True
Let n(x) = x**3 - x + 2. Let u be n(0). Suppose -3 - 1 = u*t. Let g = t + 23. Is g a prime number?
False
Suppose -3*n + 801 = -0*n. Is n a prime number?
False
Let j = 16 + -4. Is (78/4)/(j/16) a composite number?
True
Let y = -5 - -8. Suppose f = y*s - 207 - 170, 2*f = -3*s + 389. Suppose -c = 4*o - s, 0 = -3*c + c - 4*o + 238. Is c a prime number?
False
Suppose -2*q - 3*w + 64 = 0, -149 = -5*q - 6*w + 4*w. Let j = q + -6. Is j a prime number?
True
Let s = -4 + 2. Let p be (-152)/6 - s/(-3